{"id":46,"date":"2023-06-13T13:51:50","date_gmt":"2023-06-13T13:51:50","guid":{"rendered":"http:\/\/193.194.89.179\/wp_lsd\/?page_id=46"},"modified":"2025-01-16T09:46:46","modified_gmt":"2025-01-16T09:46:46","slug":"problemes-devolution-identification-et-controle-dans-les-systemes-dynamiques-non-lineaires","status":"publish","type":"page","link":"https:\/\/lsd.usthb.dz\/index.php\/problemes-devolution-identification-et-controle-dans-les-systemes-dynamiques-non-lineaires\/","title":{"rendered":"\u00a0Probl\u00e8mes d&#8217;\u00e9volution (Identification et contr\u00f4le dans les syst\u00e8mes dynamiques non lin\u00e9aires)"},"content":{"rendered":"\n<div class=\"wp-block-group has-background\" style=\"background:linear-gradient(135deg,rgb(74,234,220) 18%,rgb(151,120,209) 43%,rgb(207,42,186) 65%,rgb(238,44,130) 76%,rgb(251,105,98) 92%,rgb(254,248,76) 100%)\"><div class=\"wp-block-group__inner-container is-layout-constrained wp-block-group-is-layout-constrained\">\n<div class=\"wp-block-group\"><div class=\"wp-block-group__inner-container is-layout-constrained wp-block-group-is-layout-constrained\">\n<p><strong>Responsable\u00a0:<\/strong>    Dr. SOUILAH Messaoud<\/p>\n<\/div><\/div>\n\n\n\n<p><strong>Email\u00a0:\u00a0\u00a0\u00a0\u00a0\u00a0\u00a0\u00a0<\/strong>msouilah@gmail.com\u00a0<\/p>\n<\/div><\/div>\n\n\n\n<hr class=\"wp-block-separator has-alpha-channel-opacity\"\/>\n\n\n\n<h2 class=\"wp-block-heading has-cool-to-warm-spectrum-gradient-background has-background\"><strong>Pr\u00e9sentation<\/strong><\/h2>\n\n\n\n<blockquote class=\"wp-block-quote has-medium-black-color has-text-color is-layout-flow wp-block-quote-is-layout-flow\">\n<p>Cette \u00e9quipe de recherche s\u2019int\u00e9resse aux&nbsp;:<\/p>\n\n\n\n<p>A) Probl\u00e8mes de propagation d&#8217;ondes, \u00e9lectromagn\u00e9tiques et \u00e9lastiques.<\/p>\n\n\n\n<p>B) Fluides non newtoniens et application \u00e0 la circulation sanguine.<\/p>\n\n\n\n<p>C) \u00c9tude math\u00e9matique et simulation num\u00e9rique de probl\u00e8mes d&#8217;\u00e9volution non lin\u00e9aires intervenant en m\u00e9canique du solide et des fluides.<\/p>\n\n\n\n<p>D) Probl\u00e8mes d&#8217;identification de param\u00e8tres dans les syst\u00e8mes dynamiques non lin\u00e9aires et conception de nouveaux estimateurs d\u00e9terministes et statistiques de ces param\u00e8tres.<\/p>\n<\/blockquote>\n\n\n\n<h2 class=\"wp-block-heading has-cool-to-warm-spectrum-gradient-background has-background\"><strong>Mots cl\u00e9s&nbsp;:<\/strong><\/h2>\n\n\n\n<p>Fluides non newtoniens, circulation sanguine, identification de param\u00e8tres, EDO Painlev\u00e9.<\/p>\n\n\n\n<hr class=\"wp-block-separator has-alpha-channel-opacity\"\/>\n\n\n\n<h2 class=\"wp-block-heading has-cool-to-warm-spectrum-gradient-background has-background\"><strong>Membres de l\u2019\u00e9quipe<\/strong><\/h2>\n\n\n\n<figure class=\"wp-block-table is-style-stripes\"><table class=\"has-very-light-gray-to-cyan-bluish-gray-gradient-background has-background\"><tbody><tr><td><strong>Nom et Pr\u00e9nom<\/strong><\/td><td><strong>Dernier dipl\u00f4me<\/strong><\/td><td><strong>Grade<\/strong><\/td><td><strong>Email<\/strong><\/td><\/tr><tr><td>SOUILAH Messaoud<\/td><td>Doctorat d&#8217;\u00c9tat<\/td><td>MCA<\/td><td>msouilah@gmail.com<\/td><\/tr><tr><td>Kesri M&#8217;hamed<\/td><td>Doctorat d&#8217;Etat<\/td><td>Prof<\/td><td>la<\/td><\/tr><tr><td>Makhfi Abdellali<\/td><td>Doctorat<\/td><td>MCB<\/td><td>kmhamed-messaoud@usthb.dz<\/td><\/tr><\/tbody><\/table><\/figure>\n","protected":false},"excerpt":{"rendered":"<p>Responsable\u00a0: Dr. SOUILAH Messaoud Email\u00a0:\u00a0\u00a0\u00a0\u00a0\u00a0\u00a0\u00a0msouilah@gmail.com\u00a0 Pr\u00e9sentation Cette \u00e9quipe de recherche s\u2019int\u00e9resse aux&nbsp;: A) Probl\u00e8mes de propagation d&#8217;ondes, \u00e9lectromagn\u00e9tiques et \u00e9lastiques. B) Fluides non newtoniens et application \u00e0 la circulation sanguine. C) \u00c9tude math\u00e9matique et simulation num\u00e9rique de probl\u00e8mes d&#8217;\u00e9volution non <span class=\"readmore\"><a href=\"https:\/\/lsd.usthb.dz\/index.php\/problemes-devolution-identification-et-controle-dans-les-systemes-dynamiques-non-lineaires\/\">Continue Reading<\/a><\/span><\/p>\n","protected":false},"author":1,"featured_media":0,"parent":0,"menu_order":0,"comment_status":"closed","ping_status":"closed","template":"","meta":{"footnotes":""},"class_list":["post-46","page","type-page","status-publish","hentry"],"_links":{"self":[{"href":"https:\/\/lsd.usthb.dz\/index.php\/wp-json\/wp\/v2\/pages\/46","targetHints":{"allow":["GET"]}}],"collection":[{"href":"https:\/\/lsd.usthb.dz\/index.php\/wp-json\/wp\/v2\/pages"}],"about":[{"href":"https:\/\/lsd.usthb.dz\/index.php\/wp-json\/wp\/v2\/types\/page"}],"author":[{"embeddable":true,"href":"https:\/\/lsd.usthb.dz\/index.php\/wp-json\/wp\/v2\/users\/1"}],"replies":[{"embeddable":true,"href":"https:\/\/lsd.usthb.dz\/index.php\/wp-json\/wp\/v2\/comments?post=46"}],"version-history":[{"count":3,"href":"https:\/\/lsd.usthb.dz\/index.php\/wp-json\/wp\/v2\/pages\/46\/revisions"}],"predecessor-version":[{"id":115,"href":"https:\/\/lsd.usthb.dz\/index.php\/wp-json\/wp\/v2\/pages\/46\/revisions\/115"}],"wp:attachment":[{"href":"https:\/\/lsd.usthb.dz\/index.php\/wp-json\/wp\/v2\/media?parent=46"}],"curies":[{"name":"wp","href":"https:\/\/api.w.org\/{rel}","templated":true}]}}