{"id":28,"date":"2023-06-13T11:27:25","date_gmt":"2023-06-13T11:27:25","guid":{"rendered":"http:\/\/193.194.89.179\/wp_lsd\/?page_id=28"},"modified":"2025-01-16T09:57:08","modified_gmt":"2025-01-16T09:57:08","slug":"notes-de-cours","status":"publish","type":"page","link":"https:\/\/lsd.usthb.dz\/index.php\/notes-de-cours\/","title":{"rendered":"Notes de Cours"},"content":{"rendered":"\n<blockquote class=\"wp-block-quote has-background is-layout-flow wp-block-quote-is-layout-flow\" style=\"background:linear-gradient(89deg,rgb(255,245,203) 0%,rgb(182,227,212) 50%,rgb(51,167,181) 100%)\">\n<ol class=\"wp-block-list\" type=\"1\" start=\"1\">\n<li>A. Kessi, Calcul d\u2019int\u00e9grales (<a href=\"https:\/\/www.lsd.usthb.dz\/sites\/default\/files\/2019-09\/integrale2.pdf\">integrale2.pdf<\/a>)<\/li>\n<\/ol>\n\n\n\n<ol class=\"wp-block-list\" type=\"1\" start=\"2\">\n<li>T. Laadj, Notes de Cours du module S\u00e9ries (Math 3) pour deuxi\u00e8me ann\u00e9e Licence Sciences et Technologies. Septembre 2013. (<a href=\"https:\/\/www.lsd.usthb.dz\/sites\/default\/files\/2021-02\/1lecturenotes2licst2013serieslsd.pdf\">fichier pdf<\/a>)<\/li>\n<\/ol>\n\n\n\n<ol class=\"wp-block-list\" type=\"1\" start=\"3\">\n<li>T. Laadj, Notes de Cours du module Analyse Complexe (Math 4) pour deuxi\u00e8me ann\u00e9e Licence Sciences et Technologies. F\u00e9vrier 2014. (<a href=\"https:\/\/www.lsd.usthb.dz\/sites\/default\/files\/2021-02\/2lecturenotes2licst2015caflsd.pdf\">fichier pdf<\/a>)<\/li>\n<\/ol>\n\n\n\n<ol class=\"wp-block-list\" type=\"1\" start=\"4\">\n<li>T. Laadj, Notes de Cours du module Fonctions de plusieurs variables pour Troisi\u00e8me ann\u00e9e Licence Alg\u00e8bre et Cryptographie. Septembre 2014. (<a href=\"https:\/\/www.lsd.usthb.dz\/sites\/default\/files\/2021-02\/3lecturenotes3laccmvcflsd.pdf\">fichier pdf<\/a>)<\/li>\n<\/ol>\n<\/blockquote>\n\n\n\n<p>(Liste \u00e0 compl\u00e9ter)<\/p>\n","protected":false},"excerpt":{"rendered":"<p>(Liste \u00e0 compl\u00e9ter)<\/p>\n","protected":false},"author":1,"featured_media":0,"parent":0,"menu_order":0,"comment_status":"closed","ping_status":"closed","template":"","meta":{"footnotes":""},"class_list":["post-28","page","type-page","status-publish","hentry"],"_links":{"self":[{"href":"https:\/\/lsd.usthb.dz\/index.php\/wp-json\/wp\/v2\/pages\/28","targetHints":{"allow":["GET"]}}],"collection":[{"href":"https:\/\/lsd.usthb.dz\/index.php\/wp-json\/wp\/v2\/pages"}],"about":[{"href":"https:\/\/lsd.usthb.dz\/index.php\/wp-json\/wp\/v2\/types\/page"}],"author":[{"embeddable":true,"href":"https:\/\/lsd.usthb.dz\/index.php\/wp-json\/wp\/v2\/users\/1"}],"replies":[{"embeddable":true,"href":"https:\/\/lsd.usthb.dz\/index.php\/wp-json\/wp\/v2\/comments?post=28"}],"version-history":[{"count":2,"href":"https:\/\/lsd.usthb.dz\/index.php\/wp-json\/wp\/v2\/pages\/28\/revisions"}],"predecessor-version":[{"id":126,"href":"https:\/\/lsd.usthb.dz\/index.php\/wp-json\/wp\/v2\/pages\/28\/revisions\/126"}],"wp:attachment":[{"href":"https:\/\/lsd.usthb.dz\/index.php\/wp-json\/wp\/v2\/media?parent=28"}],"curies":[{"name":"wp","href":"https:\/\/api.w.org\/{rel}","templated":true}]}}