{"id":23,"date":"2023-06-13T11:23:53","date_gmt":"2023-06-13T11:23:53","guid":{"rendered":"http:\/\/193.194.89.179\/wp_lsd\/?page_id=23"},"modified":"2025-01-16T09:57:49","modified_gmt":"2025-01-16T09:57:49","slug":"communications","status":"publish","type":"page","link":"https:\/\/lsd.usthb.dz\/index.php\/communications\/","title":{"rendered":"Communications"},"content":{"rendered":"\n<p><strong>Communications internationales du Prof. Rachid BEBBOUCHI<\/strong><\/p>\n\n\n\n<div class=\"wp-block-group has-background\" style=\"background:linear-gradient(89deg,rgb(255,245,203) 0%,rgb(182,227,212) 50%,rgb(51,167,181) 100%)\"><div class=\"wp-block-group__inner-container is-layout-constrained wp-block-group-is-layout-constrained\">\n<p><strong>1.&nbsp;&nbsp;&nbsp;&nbsp;<\/strong><strong><em>La recherche didactique&nbsp;: une possible transition entre l\u2019enseignement des math\u00e9matiques et la recherche<\/em><\/strong><em>&nbsp;:<\/em>&nbsp;colloque EM 2000 sur l\u2019Enseignement des Math\u00e9matiques (Grenoble, France) 16-17 Juillet 2000.<\/p>\n\n\n\n<p><strong>2.&nbsp;&nbsp;&nbsp;&nbsp;<\/strong><strong><em>Non standard tests in&nbsp;Discrete&nbsp;and&nbsp;Chaotic&nbsp;Dynamics<\/em><\/strong><em>&nbsp;:<\/em>4<sup>\u00e8me<\/sup>&nbsp;symposiuminternational sur la M\u00e9canique Classique et C\u00e9leste,(Velikie&nbsp;Luki, Russie), 15-20 Ao\u00fbt 2001.<\/p>\n\n\n\n<p><strong>3.&nbsp;&nbsp;&nbsp;&nbsp;<\/strong><strong><em>Some ideas about Z-score functions<\/em><\/strong><em>,<\/em>&nbsp;M.I.F. 2002,&nbsp;Pr\u00e9toria, 4-9&nbsp;A\u00f4ut&nbsp;2002.<\/p>\n\n\n\n<p><strong>4.&nbsp;&nbsp;&nbsp;&nbsp;<\/strong><strong><em>Formations et information math\u00e9matiques dans l\u2019environnement alg\u00e9rien<\/em><\/strong><em>,&nbsp;<\/em>2<sup>\u00e8me<\/sup>biennale de&nbsp;R\u00e9MaDiSNTIC, D\u00e9cembre 2002 (Casablanca).<\/p>\n\n\n\n<p><strong>5.&nbsp;&nbsp;&nbsp;&nbsp;<\/strong><strong><em>Enseigner l\u2019Analyse de base autrement \u00e0 l\u2019Universit\u00e9<\/em><\/strong><em>,<\/em>&nbsp;XII\u00e8me Ecole d\u2019Et\u00e9 de Didactiques des Math\u00e9matiques, Corps (France), 20-29 Ao\u00fbt 2003.<\/p>\n\n\n\n<p><strong>6.&nbsp;&nbsp;&nbsp;&nbsp;<\/strong><strong><em>Param\u00e9trisation<\/em><\/strong><strong><em>&nbsp;monotone de solutions d\u2019une \u00e9quation diff\u00e9rentielle<\/em><\/strong><em>,<\/em>&nbsp;Colloque en l\u2019honneur de Robert Lutz, Mulhouse (France), 9-12 Septembre 2003.<\/p>\n\n\n\n<p><strong>7.&nbsp;&nbsp;&nbsp;&nbsp;&nbsp;&nbsp;<\/strong><strong><em>Incursions math\u00e9matiques dans l\u2019environnement alg\u00e9rien<\/em><\/strong><em>,&nbsp;<\/em>EMF 2003, Tozeur (Tunisie), 18-24 D\u00e9cembre 2003.<\/p>\n\n\n\n<p><strong>8.&nbsp;&nbsp;&nbsp;&nbsp;&nbsp;&nbsp;<\/strong><strong><em>Syst\u00e8mes dynamiques perturb\u00e9s&nbsp;:quelques&nbsp;r\u00e9sultats et perspectives<\/em><\/strong><em>,&nbsp;<\/em>s\u00e9minaire La Rochelle (France), 27 Mars-2 Avril 2004.<\/p>\n\n\n\n<p><strong>9.&nbsp;&nbsp;&nbsp;&nbsp;&nbsp;&nbsp;<\/strong><strong><em>Les math\u00e9matiques \u00e0 l\u2019\u00e9cole alg\u00e9rienne&nbsp;: espoirs et d\u00e9sespoirs<\/em><\/strong><em>,&nbsp;<\/em>Journ\u00e9es sur le Syst\u00e8me Educatif, 29-31 Mai 2004 et CIEP, Paris (France) 8 Octobre 2004..<\/p>\n\n\n\n<p><strong>10.&nbsp;&nbsp;<\/strong><strong><em>Some partial results about three dimensional perturbed dynamical systems<\/em><\/strong><em>,<\/em>Conference on Non Standard Mathematics,&nbsp;Aveiro&nbsp;(Portugal), 5-10&nbsp;Juillet&nbsp;2004.<\/p>\n\n\n\n<p><strong>11.&nbsp;&nbsp;<\/strong><strong><em>Alg\u00e8bre et algorithme&nbsp;: m\u00eame source mais pas m\u00eame parcours<\/em><\/strong><em>,&nbsp;<\/em>colloque d\u2019histoire des math\u00e9matiques maghr\u00e9bines, Tunis, 18-20 D\u00e9cembre 2004.<\/p>\n\n\n\n<p><strong>12.&nbsp;&nbsp;<\/strong><strong><em>Un \u00e9trange cycle pour un \u00e9trange syst\u00e8me<\/em><\/strong><em>,&nbsp;<\/em>( avec&nbsp;Metref), rencontres alsaciennes de math\u00e9matique et physique, Strasbourg 16-18 Juin 2005.<\/p>\n\n\n\n<ol class=\"wp-block-list\" type=\"1\" start=\"13\">\n<li><strong><em>Niveaux de&nbsp;co-d\u00e9termination&nbsp;didactique et transposition didactique&nbsp;:la&nbsp;confection d\u2019un livre de 4<sup>\u00e8me<\/sup>&nbsp;ann\u00e9e primaire en Alg\u00e9rie<\/em><\/strong><em>,&nbsp;<\/em>congr\u00e8s international sur la th\u00e9orie anthropologique de la didactique,&nbsp;Baeza&nbsp;(Espagne) 27-30 Octobre 2005.<\/li>\n<\/ol>\n\n\n\n<p><strong>14.&nbsp;&nbsp;<\/strong><strong><em>Histoire des nombres<\/em><\/strong><em>,&nbsp;<\/em>\u00e9cole-symposium de syst\u00e8mes dynamiques et E.D.O., Sidi-Bel-Abb\u00e8s, 25-29 Mars 2006.<\/p>\n\n\n\n<p><strong>15.&nbsp;&nbsp;<\/strong><strong><em>Quelle rationalit\u00e9 dans une figure g\u00e9om\u00e9trique<\/em><\/strong><em>&nbsp;?,&nbsp;<\/em>E.M.F. 2006, Sherbrooke(Canada), 26-30 Mai 2006.<\/p>\n\n\n\n<ol class=\"wp-block-list\" type=\"1\" start=\"16\">\n<li><strong><em>Syst\u00e8mes dynamiques et ANS<\/em><\/strong><em>,<\/em>&nbsp;s\u00e9minaire de l\u2019ENSEA, Paris, 22 Septembre 2006.<\/li>\n<\/ol>\n\n\n\n<p><strong><em>17.&nbsp;&nbsp;<\/em><\/strong><strong><em>Quelques remarques sur les accords CMEP et CNRS<\/em><\/strong><em>,<\/em>&nbsp;rencontre sur les convergences math\u00e9matiques franco-maghrebines, Nice, 22-24 Janvier 2007<\/p>\n\n\n\n<p><strong>18.&nbsp;&nbsp;<\/strong><strong><em>Le LMD en Alg\u00e9rie, une opportunit\u00e9 pour le d\u00e9veloppement des math\u00e9matiques&nbsp;? Est-ce une approche par comp\u00e9tences&nbsp;?<\/em><\/strong><strong>,<\/strong>&nbsp;colloque de l\u2019ORE, Montr\u00e9al (Canada), 26 et 27 Avril 2007.<\/p>\n\n\n\n<p><strong>19.&nbsp;&nbsp;<\/strong><strong><em>Infini actuel ou Infini potentiel&nbsp;: entre les deux, mon c\u0153ur balance<\/em><\/strong>, s\u00e9minaire de Didactique des Math\u00e9matiques, UQAM (Montr\u00e9al), 9 Mai 2007.<\/p>\n\n\n\n<p><strong>20.&nbsp;&nbsp;<\/strong><strong><em>L\u2019analyse des erreurs&nbsp;: un th\u00e8me possible de coop\u00e9ration&nbsp;qu\u00e9b\u00e9co-alg\u00e9rienne<\/em><\/strong>, colloque du GDM 2007, Rimouski(Canada), 6-8 Juin 2007.<\/p>\n\n\n\n<p><strong><em>21.&nbsp;&nbsp;<\/em><\/strong><strong><em>De la plaie lamentable d\u2019Hermite aux fractals<\/em><\/strong><em>,&nbsp;<\/em>s\u00e9minaire de Didactique des Math\u00e9matiques, UQAM(Montr\u00e9al), 13 Juin 2007.<\/p>\n\n\n\n<ol class=\"wp-block-list\" type=\"1\" start=\"22\">\n<li><strong><em>Initiation \u00e0 l\u2019Analyse Non Standard,<\/em><\/strong>&nbsp;17 Janvier 2008, 24 Janvier 2008, 31 Janvier 2008 et 7 F\u00e9vrier 2008, D\u00e9partement de math\u00e9matiques,&nbsp;UQAM(Montr\u00e9al, Canada).<\/li>\n\n\n\n<li><strong><em>Analyse des erreurs en Alg\u00e9rie<\/em><\/strong><em>,&nbsp;<\/em>5 F\u00e9vrier 2008, Un. de Sherbrooke, Qu\u00e9bec.<\/li>\n\n\n\n<li><strong><em>Introduction de l\u2019Histoire et la DDM dans la formation d\u2019un enseignant de math\u00e9matiques au secondaire: une finalit\u00e9 sociale et une diversification des savoirs<\/em><\/strong><em>,<\/em>colloque \u00ab&nbsp;enjeux et d\u00e9fis actuels de la profession d\u2019enseignement des math\u00e9matiques aux ordres primaire et secondaire&nbsp;\u00bb, 1<sup>er<\/sup>&nbsp;\u2013 6 Juin 2008, Marrakech (Maroc).<\/li>\n\n\n\n<li><strong><em>Un aper\u00e7u de la didactique qu\u00e9b\u00e9coise des math\u00e9matiques<\/em><\/strong><em>,&nbsp;<\/em>premi\u00e8re \u00e9cole d\u2019\u00e9t\u00e9 de DDM, Carthage (Tunisie), 30 Juillet-6 Ao\u00fbt 2008.<\/li>\n<\/ol>\n\n\n\n<p><strong><em>26.&nbsp;&nbsp;<\/em><\/strong><strong><em>Some work in progress using&nbsp;non standard&nbsp;analysis,&nbsp;<\/em><\/strong>SPIMNS,&nbsp;Un.&nbsp;D\u2019Evora (Portugal), 6-7 F\u00e9vrier 2009.<\/p>\n\n\n\n<p><strong><em>27.&nbsp;&nbsp;<\/em><\/strong><strong><em>R\u00e9forme de l\u2019Education au primaire&nbsp;: des probl\u00e8mes&nbsp;?&nbsp;<\/em><\/strong>deuxi\u00e8me s\u00e9minaire DDM, Sousse (Tunisie) 22-25 Mars 2009.<\/p>\n\n\n\n<p><strong><em>28.&nbsp;&nbsp;<\/em><\/strong><strong><em>Le passage des math\u00e9matiques en arabe aux math\u00e9matiques en fran\u00e7ais en Alg\u00e9rie&nbsp;: difficult\u00e9s et avantages<\/em><\/strong>, EMF 2009, Dakar (S\u00e9n\u00e9gal) 6-10 Avril 2009.<\/p>\n\n\n\n<p><strong><em>29.&nbsp;&nbsp;<\/em><\/strong><strong><em>Un exemple de recherche en histoire des math\u00e9matiques maghr\u00e9bines,&nbsp;<\/em><\/strong>conf\u00e9rences du CREAS, 8 Octobre 2009, Universit\u00e9 de Sherbrooke.<\/p>\n\n\n\n<p><strong><em>30.&nbsp;&nbsp;<\/em><\/strong><strong><em>Langage math\u00e9matique et r\u00e9alit\u00e9 alg\u00e9rienne,&nbsp;<\/em><\/strong>troisi\u00e8me s\u00e9minaire de Didactique des Math\u00e9matiques, Hammamet (Tunisie) 20-23 Mars 2010.<\/p>\n\n\n\n<p><strong><em>31.&nbsp;&nbsp;<\/em><\/strong><strong><em>Astronomie-Astrologie&nbsp;: compl\u00e9mentarit\u00e9 ou symbiose&nbsp;?&nbsp;<\/em><\/strong>10<sup>\u00e8me<\/sup>&nbsp;colloque maghr\u00e9bin sur l\u2019Histoire des Math\u00e9matiques Arabes, Tunis (Tunisie) 29-31 Mai 2010.<\/p>\n\n\n\n<p><strong><em>32.&nbsp;&nbsp;<\/em><\/strong><strong><em>My teaching experiments in History of Mathematics for the license of Mathematics,<\/em><\/strong>6<sup>th<\/sup>&nbsp;European Summer University- History and Epistemology in Mathematics Education, Vienna University of Technology, 19-23&nbsp;Juillet&nbsp;2010,&nbsp;Autriche.<\/p>\n\n\n\n<p><strong><em>33.&nbsp;&nbsp;<\/em><\/strong><strong><em>L\u2019approche par comp\u00e9tences au primaire&nbsp;: r\u00e9alit\u00e9s et perspectives en Alg\u00e9rie,<\/em><\/strong>S\u00e9minaire de Didactique des Math\u00e9matiques, D\u00e9partement de Math\u00e9matiques, UQAM (Montr\u00e9al, Canada), 11 Avril 2011.<\/p>\n\n\n\n<p><strong><em>34.&nbsp;&nbsp;<\/em><\/strong><strong><em>L\u2019approche par comp\u00e9tences en Alg\u00e9rie&nbsp;: r\u00e9alit\u00e9s et perspectives,&nbsp;<\/em><\/strong>Midi-Rencontre, CREAS, Universit\u00e9 de Sherbrooke (Canada), 14 Avril 2011.<\/p>\n\n\n\n<p><strong><em>35.&nbsp;&nbsp;<\/em><\/strong><strong><em>Histoire et Didactique des Math\u00e9matiques, une n\u00e9cessit\u00e9 pour la formation d\u2019un math\u00e9maticien&nbsp;?<\/em><\/strong>, EMF 2012, Gen\u00e8ve (Suisse), 3-7 F\u00e9vrier 2012.<\/p>\n\n\n\n<p><strong><em>36.&nbsp;&nbsp;<\/em><\/strong><strong><em>The&nbsp;Osgood&nbsp;Integral&nbsp;: an&nbsp;extraordinary&nbsp;tool,&nbsp;<\/em><\/strong>9\u00e8me&nbsp;Conference&nbsp;AIMS sur les Syst\u00e8mes Dynamiques, les Equations Diff\u00e9rentielles et leurs applications, Orlando (Floride, USA) 1-5 Juillet 2012.<\/p>\n\n\n\n<ol class=\"wp-block-list\" type=\"1\" start=\"37\">\n<li><strong><em>The Osgood Integral or the Cauchy-Osgood Integral&nbsp;: an extraordinary tool for ordinary differential equations,&nbsp;<\/em><\/strong>International Conference Mathematical Science and Applications, Abu Dhabi, 26-31&nbsp;D\u00e9cembre&nbsp;2012.<\/li>\n\n\n\n<li><strong><em>L\u2019Espace Math\u00e9matique Francophone&nbsp;: Trait d\u2019Union entre les Enseignants de Math\u00e9matiques,<\/em><\/strong>&nbsp;colloque national sur les Math\u00e9matiques et Applications,&nbsp;Khenchela, 17-18 Avril 2013.<\/li>\n\n\n\n<li><strong><em>Espace math\u00e9matique francophone 2015,&nbsp;<\/em><\/strong>S\u00e9minaire National sur la Didactique des Math\u00e9matiques, T\u00e9bessa, 25- 26 Novembre 2013.<\/li>\n\n\n\n<li><strong><em>Deux ou trois choses que je connais en Topologie Non Standard,&nbsp;<\/em><\/strong>colloque international \u00ab&nbsp;des dynamiques singuli\u00e8rement perturb\u00e9es aux dynamiques des populations&nbsp;\u00bb, La Rochelle (France), 16-18 D\u00e9cembre 2013.<\/li>\n\n\n\n<li><strong><em>EMF 2015&nbsp;: trait d\u2019union entre math\u00e9maticiens et didacticiens,<\/em><\/strong>&nbsp;sixi\u00e8me s\u00e9minaire de didactique des math\u00e9matiques, Sousse (Tunisie), 21-24 Mars 2014<strong><em>.<\/em><\/strong><\/li>\n\n\n\n<li><strong><em>Les r\u00e9formes en Alg\u00e9rie&nbsp;: entre des principes r\u00e9volutionnaires et les r\u00e9alit\u00e9s du terrain,&nbsp;<\/em><\/strong>colloque Groupe des Didacticiens de Math\u00e9matiques, Montr\u00e9al (Canada), 7-9 Mai 2014.<\/li>\n\n\n\n<li><strong><em>About a Predator-Prey Model with Stage Structure for the Prey<\/em><\/strong>, Abu Dhabi EAU,d\u00e9cembre&nbsp;2014.<\/li>\n\n\n\n<li><strong><em>Etre<\/em><\/strong><strong><em>&nbsp;enseignant&nbsp;du&nbsp;sup\u00e9rieur&nbsp;en&nbsp;Alg\u00e9rie,&nbsp;<\/em><\/strong>Sherbrooke&nbsp;CANADA, Mai 2015.<\/li>\n\n\n\n<li><strong><em>Enseignement<\/em><\/strong><strong><em>&nbsp;des&nbsp;d\u00e9cimaux&nbsp;\u00e0&nbsp;l\u2019\u00e9cole&nbsp;primaire&nbsp;et&nbsp;environnement&nbsp;alg\u00e9rien,<\/em><\/strong>Sherbrooke&nbsp;CANADA,&nbsp;Octobre&nbsp;2015.<\/li>\n\n\n\n<li><strong><em>EMF 2015&nbsp;en&nbsp;Alg\u00e9rie,&nbsp;<\/em><\/strong>Hammamet&nbsp;TUNISIE, Mars 2015<\/li>\n<\/ol>\n\n\n\n<p>&nbsp;(Liste \u00e0&nbsp;completer)<\/p>\n<\/div><\/div>\n","protected":false},"excerpt":{"rendered":"<p>Communications internationales du Prof. Rachid BEBBOUCHI 1.&nbsp;&nbsp;&nbsp;&nbsp;La recherche didactique&nbsp;: une possible transition entre l\u2019enseignement des math\u00e9matiques et la recherche&nbsp;:&nbsp;colloque EM 2000 sur l\u2019Enseignement des Math\u00e9matiques (Grenoble, France) 16-17 Juillet 2000. 2.&nbsp;&nbsp;&nbsp;&nbsp;Non standard tests in&nbsp;Discrete&nbsp;and&nbsp;Chaotic&nbsp;Dynamics&nbsp;:4\u00e8me&nbsp;symposiuminternational sur la M\u00e9canique Classique et C\u00e9leste,(Velikie&nbsp;Luki, <span class=\"readmore\"><a href=\"https:\/\/lsd.usthb.dz\/index.php\/communications\/\">Continue Reading<\/a><\/span><\/p>\n","protected":false},"author":1,"featured_media":0,"parent":0,"menu_order":0,"comment_status":"closed","ping_status":"closed","template":"","meta":{"footnotes":""},"class_list":["post-23","page","type-page","status-publish","hentry"],"_links":{"self":[{"href":"https:\/\/lsd.usthb.dz\/index.php\/wp-json\/wp\/v2\/pages\/23","targetHints":{"allow":["GET"]}}],"collection":[{"href":"https:\/\/lsd.usthb.dz\/index.php\/wp-json\/wp\/v2\/pages"}],"about":[{"href":"https:\/\/lsd.usthb.dz\/index.php\/wp-json\/wp\/v2\/types\/page"}],"author":[{"embeddable":true,"href":"https:\/\/lsd.usthb.dz\/index.php\/wp-json\/wp\/v2\/users\/1"}],"replies":[{"embeddable":true,"href":"https:\/\/lsd.usthb.dz\/index.php\/wp-json\/wp\/v2\/comments?post=23"}],"version-history":[{"count":4,"href":"https:\/\/lsd.usthb.dz\/index.php\/wp-json\/wp\/v2\/pages\/23\/revisions"}],"predecessor-version":[{"id":127,"href":"https:\/\/lsd.usthb.dz\/index.php\/wp-json\/wp\/v2\/pages\/23\/revisions\/127"}],"wp:attachment":[{"href":"https:\/\/lsd.usthb.dz\/index.php\/wp-json\/wp\/v2\/media?parent=23"}],"curies":[{"name":"wp","href":"https:\/\/api.w.org\/{rel}","templated":true}]}}